 7*a - 14. List the prime factors of p(-4).
2, 5, 11
Let q = 53 - 14. Suppose n - 290 = -4*n. Let f = n - q. What are the prime factors of f?
19
Let d = 217 + -132. What are the prime factors of d?
5, 17
Suppose -3*p + x + 761 = 0, 1012 = 2*p + 2*p - 4*x. List the prime factors of p.
2, 127
Suppose -p - 18 = -5*l, -6*p + 60 = -p + 5*l. Suppose -p = q + 5. What are the prime factors of (-3)/q - (-57)/12?
5
Suppose -5*q = j - 29, 4 + 1 = -5*j + 5*q. Suppose 39 = 2*v + 5*o, j*v - o - 138 = o. What are the prime factors of v?
2
Suppose 0 = -v + 2. Suppose 3*f - 4*f + 8 = 0. Suppose -f = -v*l + 4. What are the prime factors of l?
2, 3
Let y(v) = v**2 - 14*v - 26. What are the prime factors of y(-8)?
2, 3, 5
What are the prime factors of 21/(-42) + (-169)/(-2) + 0?
2, 3, 7
Let d(c) = 22*c**2 - 1. Let a be d(2). Let f = -51 + a. List the prime factors of f.
2, 3
Suppose a - 43 = -3*j - 3*a, j = -5*a + 7. What are the prime factors of j?
17
Suppose 4*l + 5*g - 12 = -3, 4*l - 5*g + 41 = 0. Let c = l - -9. Suppose -20 = -c*h + h. What are the prime factors of h?
5
Let z be 1*(0/3)/(-1). Let k be (z/1)/((-2)/1). Suppose -16 = -c - k*b - 2*b, c - 2*b - 16 = 0. What are the prime factors of c?
2
Suppose -4*q + 204 = q + 4*p, -q - 5*p = -24. What are the prime factors of q?
2, 11
Let c(g) = -g**3 - 2*g**2 - g + 1. What are the prime factors of c(-2)?
3
Let x = 43 - 29. List the prime factors of x + -2 + 0 + 0.
2, 3
Let w(k) = -k**3 - 3*k**2 + 4*k + 2. Let x be w(-4). Let h be ((-63)/(-42))/(((-18)/(-16))/(-3)). What are the prime factors of (x + h)/(6/(-9))?
3
Suppose -6*q = -2*q - 5*n - 118, 4*q - 114 = 3*n. Suppose 4*a = -4*w + 13 + q, 46 = 5*w + 3*a. What are the prime factors of w?
2
Let x = -137 + 145. List the prime factors of x.
2
List the prime factors of 73/((-6)/36*-6).
73
Let i(v) = -v**2 + 9*v - 8. Let b be i(7). List the prime factors of (-8)/b + (-124)/(-12).
3
What are the prime factors of 2 + -2 + (118 - 6)?
2, 7
Let t = 128 - 101. What are the prime factors of t?
3
What are the prime factors of 3 - 8 - (-1206)/6?
2, 7
Let w(g) = -2*g**2 + 3*g + 3. Let x be w(3). Let b(u) = 8*u + 1. Let z(f) = 23*f + 2. Let v(o) = x*z(o) + 17*b(o). What are the prime factors of v(-5)?
3, 5
Let v(i) = -i + 6. What are the prime factors of v(-4)?
2, 5
Let w(o) = o**3 + 6*o**2 - 7*o + 2. Let h be w(-7). Let i = h - -10. List the prime factors of i.
2, 3
Let h(r) = 3*r + 3. Let z = 1 - -4. Suppose 0 = -m + k + 7, -2*m + 4*m = z*k + 26. List the prime factors of h(m).
2, 3
Suppose -2*t = 3*t - 10. Suppose -y = 3*v - 20, t*v - 3*y + 5 = -0*v. What are the prime factors of v?
5
Let a(q) = 18*q**3 - q**2 + q. What are the prime factors of a(1)?
2, 3
Let t(l) = 5*l**2 + 9*l + 8. What are the prime factors of t(-6)?
2, 67
What are the prime factors of (-3 - -4)/(5/85)?
17
Suppose 4*n = 0, -5*n + 4 = -2*a - 0. What are the prime factors of 5/((-5)/a) - -3?
5
Let p = -8 + 5. Let a be (1 - 2)/(p/(-21)). Let d = 2 - a. List the prime factors of d.
3
Let i(k) = -6*k - 3. List the prime factors of i(-3).
3, 5
Let y = 13 - 6. What are the prime factors of y?
7
What are the prime factors of 12*((-2)/(-6) + 3)?
2, 5
Let r(s) be the second derivative of -s**3/3 - 4*s**2 + 2*s. Suppose 7 = 3*g + 25. List the prime factors of r(g).
2
Let x(c) = 2*c - 5. Let k(m) = -m + 4. Let s(a) = 3*k(a) + 2*x(a). List the prime factors of s(6).
2
Let y = -9 + 4. Let j be (2 - 1) + 10 + y. Let s = j - 3. What are the prime factors of s?
3
Let v = -1 + 4. Suppose 2*j + 7 = v*j. List the prime factors of j.
7
Suppose -y + 7 = 5. Let c be ((-31)/2)/(1/y). Let f = -20 - c. What are the prime factors of f?
11
Let y = 2 + 2. Suppose y*c = c + 9. Suppose -n + 76 = c*n. What are the prime factors of n?
19
Suppose 0 = -3*m - 6*u + u - 8, 4*u + 2 = 2*m. Let o be 1*m*(7 + 11). Let r = 27 + o. List the prime factors of r.
3
Let y = -40 - -117. List the prime factors of y.
7, 11
Let z(l) = -l**2 + 6*l + 9. Let g be z(7). Suppose 4*v - g*r = 1 - 41, r = -4. Let w = 21 + v. List the prime factors of w.
3
Let y(f) = -f**3 - 5*f**2 + 7. Suppose 4*p = -12 - 8. List the prime factors of y(p).
7
Suppose 176*i - 180*i + 812 = 0. What are the prime factors of i?
7, 29
Suppose -48 = u - 4*u. Let j be 0*(-1)/(-2)*-1. Suppose -n + u = -j. List the prime factors of n.
2
Suppose -5*k - 47 = -0*g - g, 4*g + 2*k - 144 = 0. What are the prime factors of g?
37
Suppose 3*p - 199 = -5*i, 0*p + p + 149 = 4*i. What are the prime factors of i?
2, 19
Let d(x) = -x + 13. Let m be d(12). What are the prime factors of 12 + (m - 2) - 0?
11
List the prime factors of (-9)/(-18) - 139/(-2).
2, 5, 7
Suppose 2*i + 0 = -2. Suppose 5*z - 3*z = -70. List the prime factors of (10/z)/(i/7).
2
Let x(g) = -3*g + 11. Let z(t) = -1. Let r(u) = x(u) + 6*z(u). List the prime factors of r(-4).
17
Suppose -5*t - 12 + 42 = 0. Let d be t/(-15) - (-34)/10. Suppose -4*n - 26 = -5*o, -o + 0*o = -d*n - 3. List the prime factors of o.
2, 3
Let c(a) = -a**3 + 6*a**2 + 2*a - 8. Let r be c(6). Suppose r = -3*s + s. List the prime factors of (s/(-4))/((-1)/(-6)).
3
Suppose l + 5 = 0, 0 = -4*a + l + 14 + 15. Let u = -2 + a. Suppose -u*i + 17 = h, 3 = 2*h - 7. List the prime factors of i.
3
Suppose 2*s - 3*m = 6*s - 172, -2*m = 0. Let d = -30 + s. What are the prime factors of d?
13
Let u = -2 + 16. What are the prime factors of u?
2, 7
Suppose 272 + 578 = 5*h. List the prime factors of h.
2, 5, 17
Suppose -q = -67 - 10. What are the prime factors of q?
7, 11
Let r = -118 + 196. What are the prime factors of r?
2, 3, 13
Suppose 66 = 4*x - 3*z, 2*x + 2*x = z + 70. What are the prime factors of x?
2, 3
Let c(h) = -h - 1. Let p(l) = -2*l**2 + 8*l + 7. Let r(u) = -4*c(u) - p(u). List the prime factors of r(4).
13
Suppose -16 = 4*b - 0*b. Let w(l) = 4*l**2 + 2*l - 5. List the prime factors of w(b).
3, 17
Let z = 44 + -18. What are the prime factors of z?
2, 13
Let k(d) = -d**2 - 6*d - 5. Let l be k(-4). Suppose b = -b + 2. What are the prime factors of (0 - -2) + l*b?
5
Let t(o) = -6*o**3 - 2*o**2 + 3*o - 4. List the prime factors of t(-4).
2, 3, 7
Suppose 3*m - 377 + 20 = -4*l, 5*l = 15. Let k = m + -79. What are the prime factors of k?
2, 3
Suppose m + m = -6. List the prime factors of 3*(-40)/(-3) + m.
37
Let n(d) = -d**3 - 5*d**2 + 3*d - 3. What are the prime factors of n(-7)?
2, 37
Let v(m) = 2*m. Let h be v(7). Let b = -10 + h. List the prime factors of b.
2
Suppose -2*v + 10*q - 6*q = -548, 5*v + 2*q = 1370. List the prime factors of v.
2, 137
Suppose -84 = -5*x + 16. Let n be (-1)/(-4) + 199/4. List the prime factors of x*5/(n/4).
2
List the prime factors of 6/(-15) + 5/(100/3608).
2, 3, 5
Let g(d) = -1 + 2*d**2 + 7 - 6*d - 3*d**2 + 1. What are the prime factors of g(-4)?
3, 5
Let f = -22 - -34. Suppose 0*n + f = -n. What are the prime factors of (3/2)/(n/(-40))?
5
Suppose -5*k = -0*k - 35. Let y = k + -5. List the prime factors of y.
2
Let a(z) = z**2 - 3. Let w be a(-3). Let t = w + -4. What are the prime factors of t?
2
Let p(l) = 15*l - 5. What are the prime factors of p(2)?
5
Let y = -2 + 8. Suppose r = y*r - 15. What are the prime factors of r?
3
Suppose 12*b = 1256 + 1600. What are the prime factors of b?
2, 7, 17
What are the prime factors of (-12)/(-9)*(-1404)/(-8)?
2, 3, 13
What are the prime factors of 2 - -2 - (-71 + 3)?
2, 3
Suppose 0 = 2*j - 30 - 14. What are the prime factors of j?
2, 11
Let r = 141 + -58. Suppose 5*z + 2*d - r = 0, 3*d - 5*d = -z + 7. List the prime factors of z.
3, 5
Let j = -81 + 45. What are the prime factors of (j/21)/(-1)*7?
2, 3
Let u(i) = -i**2 - 15*i + 17. What are the prime factors of u(-13)?
43
Let y(t) = -4*t. Let h(a) = 1. Let f(p) = 3*h(p) + y(p). List the prime factors of f(-5).
23
Let s(p) = -p**2 + 6*p + 2. Let k be s(6). Suppose -k*w + 0*w - 20 = 0. Let g = 7 - w. List the prime factors of g.
17
Let d = 0 + -4. Let j be (-22)/(-8) - 1/d. Suppose 7 + 0 = j*k - v, k + 4*v - 11 = 0. List the prime factors of k.
3
Suppose -216 = -4*v - 4*c, -4*v + 43 = 3*c - 178. What are the prime factors of v?
59
Suppose 2*t + 3 = 3*t. Suppose 35 = t*n + 2*n. Suppose -2*z - n = -21. List the prime factors of z.
7
Let l(q) = 19*q - 26*q - 23*q. Let m be l(-1). Suppose -4*n - 2*g + m = 0, -n = n + 3*g - 25. What are the prime fa